0300031
In base 3, what is -101221 + 12012211020?
12012102022
In base 4, what is 12010 - -2102021?
2120031
In base 5, what is 242 + 240003200?
240003442
In base 11, what is 101 - 1281535?
-1281434
In base 11, what is -3 + a9197?
a9194
In base 16, what is -3203 - -16f?
-3094
In base 3, what is 2210 + -1110212211020201?
-1110212211010221
In base 12, what is -14891003 - 4?
-14891007
In base 2, what is -11001001011 - -110010100110?
11001011011
In base 9, what is 441 + 81853?
82404
In base 3, what is 120 + -121012202001?
-121012201111
In base 15, what is 9506 + 5e?
9565
In base 4, what is -20330112 - -312332?
-20011120
In base 10, what is 3 + 298245673?
298245676
In base 9, what is 3285148 - -11?
3285160
In base 5, what is 403 + -2021211320?
-2021210412
In base 5, what is 14401 - 3004113?
-2434212
In base 13, what is -aa + 390c19?
390b3c
In base 6, what is 123 - -10241520?
10242043
In base 9, what is 1352 + -302365?
-301013
In base 15, what is 2017009 - 3?
2017006
In base 7, what is 5 + -2212562450?
-2212562442
In base 11, what is 0 - -120a642?
120a642
In base 5, what is -431141 - -434?
-430202
In base 7, what is 2 - 6540423?
-6540421
In base 15, what is 5d5c59 + 2?
5d5c5b
In base 2, what is -11 + -10001010100100101101?
-10001010100100110000
In base 7, what is -3 + 132665015?
132665012
In base 12, what is b00496 - -13?
b004a9
In base 2, what is -10101011100010101010010011100 - -101?
-10101011100010101010010010111
In base 16, what is -2 + -269f47?
-269f49
In base 4, what is 11301121302130 - -3?
11301121302133
In base 14, what is 4 + 1106003?
1106007
In base 13, what is -2 - b30ac74?
-b30ac76
In base 13, what is -2 - -29852b05?
29852b03
In base 15, what is 5 + -67e3c2?
-67e3bc
In base 5, what is 3141 - -32240410?
32244101
In base 15, what is 9b8673 + -3?
9b8670
In base 12, what is -77872 + -77a?
-78430
In base 2, what is -11111101110000110000111010 + 10001?
-11111101110000110000101001
In base 13, what is 3 + -1a072c8?
-1a072c5
In base 3, what is -212 - 22202012201?
-22202020120
In base 16, what is 3bf - af5?
-736
In base 2, what is 11111111011010111111101110 + -10?
11111111011010111111101100
In base 14, what is 5 - -2485abb?
2485ac2
In base 9, what is 6 - -58065?
58072
In base 16, what is ec80 + 150?
edd0
In base 2, what is 11001110100000001100000110 + -10?
11001110100000001100000100
In base 8, what is -17 + 21062174?
21062155
In base 12, what is -15335a6 + -3?
-15335a9
In base 14, what is -1dd943 - 23?
-1dd966
In base 5, what is -1321034312 - 10?
-1321034322
In base 7, what is -211 + 243122?
242611
In base 6, what is -30142 - -53523?
23341
In base 10, what is -10716 + -11234?
-21950
In base 5, what is -2400030402 + 10?
-2400030342
In base 16, what is 1 - -39d93f?
39d940
In base 5, what is -310200042103 + 0?
-310200042103
In base 12, what is -a197 + -5b?
-a236
In base 14, what is -15cc25 - -29?
-15cbda
In base 10, what is 87 - -574638?
574725
In base 6, what is 133543202 + 2?
133543204
In base 11, what is 1 - -503644?
503645
In base 9, what is -4485011 - -3?
-4485007
In base 5, what is 24 + -13411002002?
-13411001423
In base 14, what is 1 + -18a4dc5?
-18a4dc4
In base 3, what is 12221 - -12212122011?
12212212002
In base 5, what is -10320234 - -42?
-10320142
In base 7, what is -45464564 + 1?
-45464563
In base 5, what is 22003403 - -40?
22003443
In base 14, what is -1 + 197c984?
197c983
In base 14, what is -2 + -3000487?
-3000489
In base 13, what is 339c - 7c69?
-489a
In base 10, what is 1758896 + 0?
1758896
In base 7, what is -1026044451 - -1?
-1026044450
In base 2, what is 1110011000 - -1010011111100110101?
1010100001011001101
In base 2, what is 1100110000100111110101100 + 0?
1100110000100111110101100
In base 16, what is 4fa1d - 39?
4f9e4
In base 9, what is -286467 + 4?
-286463
In base 13, what is -17b08 - -b05?
-17003
In base 16, what is -3 - 11a27b5?
-11a27b8
In base 7, what is 1565426210 - -5?
1565426215
In base 9, what is 7531061 + -11?
7531050
In base 8, what is -21 - 55356041?
-55356062
In base 13, what is 100 + -180595?
-180495
In base 4, what is -312 - -1323221011?
1323220033
In base 15, what is 183838 + -a?
18382d
In base 8, what is -111564043 - -12?
-111564031
In base 6, what is 1243 - -201504?
203151
In base 11, what is -4 - -395110?
395107
In base 13, what is -12 + -89c8?
-8a0a
In base 11, what is 13 - 5415228?
-5415215
In base 12, what is 11 - -880a6?
880b7
In base 9, what is -13006 + 785?
-12111
In base 11, what is -9 + 179422?
179414
In base 6, what is -40 + 3113055032?
3113054552
In base 11, what is 108803 - -8?
108810
In base 7, what is 5 - 23464260?
-23464252
In base 11, what is 62a34 - 29?
62a06
In base 3, what is 212121102200 - 12?
212121102111
In base 14, what is -305bd18 - 0?
-305bd18
In base 7, what is 1455305656 - 4?
1455305652
In base 16, what is 112963e + 4?
1129642
In base 12, what is -381 + 2b6695?
2b6314
In base 3, what is -101 + 10002012112212002?
10002012112211201
In base 6, what is 11043310 - 5004?
11034302
In base 7, what is 2 + -6250654035?
-6250654033
In base 16, what is -35e85 + -10f?
-35f94
In base 14, what is 264531 - -27?
264558
In base 3, what is -201 + -122122211211?
-122122212112
In base 5, what is -114 + 33303212?
33303043
In base 15, what is -5 + 1b969b?
1b9696
In base 6, what is -1 + -4344004?
-4344005
In base 13, what is 5 - -76b0847?
76b084c
In base 9, what is -34 + 8678652?
8678617
In base 11, what is 15673a - 14?
156726
In base 11, what is -520824 + 34?
-5207a0
In base 8, what is -7 - 1240531?
-1240540
In base 10, what is -9 + 615188?
615179
In base 14, what is a4db93 - 3?
a4db90
In base 6, what is -15502 + -51224?
-111130
In base 4, what is 131212112211 + 3?
131212112220
In base 16, what is 4 - -1a8403?
1a8407
In base 5, what is 3021 + -10324410?
-10321334
In base 11, what is 1102 + 4584?
5686
In base 5, what is -2014230111203 - -1?
-2014230111202
In base 4, what is 0 + -103221003103201?
-103221003103201
In base 13, what is -3a810 + 4783?
-3605a
In base 3, what is -1 + -21212121220222?
-21212121221000
In base 14, what is -67086752 + 1?
-67086751
In base 12, what is -22a78 - -8a?
-229aa
In base 16, what is -5d - bf42?
-bf9f
In base 4, what is 33 + -12212012001?
-12212011302
In base 4, what is -3 - -1001210331121?
1001210331112
In base 16, what is -14fc9 + -74?
-1503d
In base 5, what is 110303 + -101020?
4233
In base 6, what is 1 + 13233152?
13233153
In base 15, what is 1d47aa + -138?
1d4672
In base 10, what is -1082990 - -47?
-1082943
In base 10, what is -1507114 + -1?
-1507115
In base 10, what is -11037 - 260?
-11297
In base 6, what is 0 - -11233545051?
11233545051
In base 16, what is -fb38f6e - 1?
-fb38f6f
In base 9, what is 4 - -27012607?
27012612
In base 16, what is 3ef67f + -5?
3ef67a
In base 8, what is -360004046 - 4?
-360004052
In base 12, what is 951 + -58a0?
-4b4b
In base 5, what is -113000 + 331341?
213341
In base 8, what is 25213251 - 0?
25213251
In base 11, what is -595 - -28659?
28074
In base 4, what is -21120211332 - -1300?
-21120210032
In base 12, what is 221582 - b?
221573
In base 7, what is 53541365 + -164?
53541201
In base 3, what is 1012212201 + 12210?
1020002111
In base 8, what is -256 + 151301?
151023
In base 16, what is 5 + 400070?
400075
In base 11, what is -45329a + 16?
-453284
In base 11, what is -2 - 6464465?
-6464467
In base 16, what is 5 - 270fb4?
-270faf
In base 13, what is 69c - 2cb02?
-2c433
In base 15, what is 1289831 + 4?
1289835
In base 16, what is -740c - -67?
-73a5
In base 15, what is -2cdce - -86?
-2cd48
In base 11, what is 516 + 9014?
952a
In base 8, what is -5317 - -246666?
241347
In base 5, what is 2002014103 + 12?
2002014120
In base 11, what is -616 + -714a?
-7765
In base 7, what is 15366 + -1650?
13416
In base 6, what is 410013240 + 1?
410013241
In base 6, what is -2 - 520103403?
-520103405
In base 4, what is 21001102 - 10310030?
10031012
In base 13, what is -5967 + 1490?
-44a7
In base 7, what is 43205152 - -21?
43205203
In base 4, what is -2301100 + 11331?
-2223103
In base 14, what is 1665 - 23b12?
-2248b
In base 7, what is 13436 - 115504?
-102035
In base 12, what is -637 + 137951?
137316
In base 12, what is -13a029 - 19b?
-13a208
In base 8, what is -134773 - -4461?
-130312
In base 15, what is -604c6a96 - 5?
-604c6a9b
In base 4, what is 1031303033010 - -13